er?
False
Is 5747 prime?
False
Is 2563181 a composite number?
False
Is 58946 a prime number?
False
Is 23419 a composite number?
True
Is 1907 composite?
False
Is 2581 a composite number?
True
Is 73561 a composite number?
False
Is 320018 prime?
False
Is 121829 composite?
True
Is 1272811 a composite number?
False
Is 149651 a composite number?
True
Is 240409 a prime number?
False
Is 46327 a composite number?
False
Is 824359 prime?
False
Is 7621 a prime number?
True
Is 29629 a composite number?
False
Is 55871 prime?
True
Is 20245 a composite number?
True
Is 7045 composite?
True
Is 117163 a composite number?
False
Is 753 a composite number?
True
Is 2249979 composite?
True
Is 58679 prime?
True
Is 1977 a composite number?
True
Is 216271 a prime number?
False
Is 679 prime?
False
Is 106163 a prime number?
True
Is 11177 composite?
False
Is 2917 a composite number?
False
Is 17551 a prime number?
True
Is 65939 prime?
False
Is 50581 prime?
True
Is 593 composite?
False
Is 530815 composite?
True
Is 660851 a prime number?
True
Is 1361 composite?
False
Is 24699 a composite number?
True
Is 14173 a composite number?
False
Is 335783 composite?
True
Is 251709 a composite number?
True
Is 2161 composite?
False
Is 1481 a prime number?
True
Is 200534 prime?
False
Is 4911 a prime number?
False
Is 48011 prime?
False
Is 29819 a prime number?
True
Is 60751 a prime number?
False
Is 414697 prime?
True
Is 17147 a prime number?
False
Is 270493 a composite number?
False
Is 168043 composite?
False
Is 413 composite?
True
Is 11273 a prime number?
True
Is 9029 prime?
True
Is 18809 a composite number?
True
Is 138179 a composite number?
False
Is 155339 a composite number?
True
Is 1628747 a composite number?
False
Is 11027 a prime number?
True
Is 3954293 a prime number?
False
Is 22745 prime?
False
Is 376769 a composite number?
False
Is 32687 a prime number?
True
Is 1459 prime?
True
Is 51751 composite?
True
Is 59347 a prime number?
False
Is 508279 prime?
False
Is 3787 prime?
False
Is 123113 prime?
True
Is 922283 prime?
True
Is 638527 a prime number?
True
Is 762647 a composite number?
False
Is 73891 a composite number?
True
Is 463613 composite?
False
Is 3440357 composite?
True
Is 947221 a prime number?
False
Is 337443 a prime number?
False
Is 24917 prime?
True
Is 360163 a prime number?
True
Is 700813 prime?
False
Is 5519 a composite number?
False
Is 5791 a composite number?
False
Is 34351 prime?
True
Is 1138 composite?
True
Is 5367459 a composite number?
True
Is 222929 composite?
True
Is 27883 a composite number?
False
Is 1114 composite?
True
Is 21367 composite?
True
Is 208133 a prime number?
False
Is 208961 prime?
True
Is 227594 a prime number?
False
Is 17231 prime?
True
Is 90731 prime?
True
Is 9901 composite?
False
Is 25301 prime?
True
Is 343127 composite?
False
Is 81053 composite?
True
Is 3077 a composite number?
True
Is 27427 composite?
False
Is 10033 a prime number?
False
Is 6331 a composite number?
True
Is 47863 a composite number?
True
Is 9029 a composite number?
False
Is 45679 a composite number?
True
Is 12991 a prime number?
False
Is 335541 prime?
False
Is 2761 a prime number?
False
Is 9029 prime?
True
Is 1678 composite?
True
Is 11467 a composite number?
False
Is 68813 a prime number?
True
Is 763879 a prime number?
True
Is 21433 prime?
True
Is 78643 a composite number?
False
Is 302431 prime?
False
Is 375923 a composite number?
False
Is 8387 composite?
False
Is 165341 a prime number?
False
Is 24781 prime?
True
Is 92249 prime?
False
Is 18742 a composite number?
True
Is 112701 prime?
False
Is 5906 a prime number?
False
Is 106787 composite?
False
Is 28123 prime?
True
Is 373903 prime?
True
Is 78181 prime?
False
Is 6729 composite?
True
Is 2521 a composite number?
False
Is 9487 a composite number?
True
Is 448303 a composite number?
False
Is 13198 prime?
False
Is 73741 composite?
True
Is 172717 prime?
True
Is 870211 composite?
False
Is 89027 a prime number?
False
Is 4201 a composite number?
False
Is 2477 a composite number?
False
Is 146899 prime?
False
Is 27733 a composite number?
False
Is 635771 a prime number?
False
Is 40709 a composite number?
False
Is 49499 a prime number?
True
Is 2377903 composite?
True
Is 2571 a composite number?
True
Is 10781 composite?
False
Is 1078199 composite?
False
Is 1496927 prime?
True
Is 11273 prime?
True
Is 295157 prime?
False
Is 53211 a prime number?
False
Is 27533 prime?
False
Is 19009 a composite number?
False
Is 874981 a composite number?
True
Is 244865 a prime number?
False
Is 723467 composite?
False
Is 77117 a composite number?
True
Is 238547 a prime number?
True
Is 798007 prime?
False
Is 206993 a prime number?
True
Is 16841 a prime number?
False
Is 1294891 a prime number?
False
Is 240997 prime?
True
Is 294809 prime?
True
Is 164129 a composite number?
True
Is 191 prime?
True
Is 2749 composite?
False
Is 118039 a composite number?
True
Is 72302 a composite number?
True
Is 1861219 a composite number?
False
Is 39329 composite?
True
Is 181361 composite?
False
Is 90031 composite?
False
Is 337627 prime?
True
Is 457871 prime?
True
Is 68246 a prime number?
False
Is 70099 a prime number?
True
Is 1087 composite?
False
Is 1306657 a composite number?
True
Is 4621 prime?
True
Is 190235 composite?
True
Is 142589 a composite number?
False
Is 33545 prime?
False
Is 4391 prime?
True
Is 33185 prime?
False
Is 19889 prime?
True
Is 1374433 prime?
False
Is 707 prime?
False
Is 7711 a prime number?
False
Is 4847 a prime number?
False
Is 5331 composite?
True
Is 42629 a composite number?
True
Is 17077 prime?
True
Is 10007 a composite number?
False
Is 7183 composite?
True
Is 575269 composite?
True
Is 38513 composite?
True
Is 177677 composite?
False
Is 15889 a prime number?
True
Is 5939 a composite number?
False
Is 5269 a prime number?
False
Is 26627 a prime number?
True
Is 2063 prime?
True
Is 28307 a composite number?
False
Is 149599 a composite number?
True
Is 448289 prime?
False
Is 87719 composite?
False
Is 111317 composite?
False
Is 1232827 a prime number?
False
Is 23849 a composite number?
True
Is 176422 a composite number?
True
Is 454893 a composite number?
True
Is 899611 composite?
False
Is 2238947 prime?
True
Is 261007 a prime number?
False
Is 12239 composite?
False
Is 136463 prime?
True
Is 21313 a composite number?
False
Is 91079 a prime number?
True
Is 35069 prime?
True
Is 52913 prime?
False
Is 36889 a prime number?
False
Is 53951 a prime number?
True
Is 11257 a composite number?
False
Is 4267 a prime number?
False
Is 3593 a prime number?
True
Is 1087 a composite number?
False
Is 1213 composite?
False
Is 2897 prime?
True
Is 50497 prime?
True
Is 148705 a composite number?
True
Is 509317 composite?
False
Is 13817 composite?
True
Is 41731 composite?
True
Is 311 prime?
True
Is 4299 composite?
True
Is 15343 prime?
False
Is 1607389 a prime number?
False
Is 24305 a composite number?
True
Is 22121 a composite number?
True
Is 2985418 composite?
True
Is 105863 prime?
True
Is 8923 composite?
False
Is 47 prime?
True
Is 25213 a prime number?
False
Is 21059 composite?
False
Is 14981 a composite number?
True
Is 2387297 a prime number?
False
Is 20363 a composite number?
True
Is 9413 a prime number?
True
Is 180871 a composite number?
False
Is 92033 composite?
False
Is 11669 prime?
False
Is 470773 composite?
True
Is 3239 composite?
True
Is 10477 a composite number?
False
Is 499481 a prime number?
True
Is 4827 a prime number?
False
Is 3665 a composite number?
True
Is 745 prime?
False
Is 44305 composite?
True
Is 3899 a composite number?
True
Is 204727 a composite number?
True
Is 489729 a composite number?
True
Is 14431 a prime number?
True
Is 20257 composite?
True
Is 4747 composite?
True
Is 215617 a prime number?
True
Is 4073 composite?
False
Is 4195 a composite number?
True
Is 43597 a composite number?
False
Is 22189 prime?
True
Is 438359 prime?
False
Is 145253 composite?
False
Is 25609 a prime number?
True
Is 101399 composite?
False
Is 18563 prime?
False
Is 11863 composite?
False
Is 47365 composite?
True
Is 117023 a prime number?
True
Is 19207 a prime number?
True
Is 9217 a composite number?
True
Is 146843 prime?
True
Is 725687 a prime number?
True
Is 137829 prime?
False
Is 856319 a prime number?
False
Is 3949 prime?
False
Is 37841 composite?
True
Is 424757 composite?
False
Is 84